 - 9).
7
129 + -47 + 41 + -52
71
2 + -2 - 14 - (-201 + -172 + 382)
-23
What is the value of (4 - 2) + 57 - (-90 - -212 - 141)?
78
Evaluate 575 + -631 + -14 + 14.
-56
147 + (-303 - -188) - (0 - 0)
32
What is ((14 - -11) + -45 - (-1 + -6)) + 15?
2
What is 13 - (0 - (-36 + 18) - -33)?
-38
-52 + 55 + -23 - (-6 - 5 - -18)
-27
What is the value of 4 + 1 + (-24 - -12) - (24 + -25)?
-6
6947 + -6919 + (-3 - 92) + -3
-70
What is (-7 - (42 - 2)) + -72 + 112?
-7
Calculate -38 + (1 + (34 - -20) - -20).
37
Calculate -20 - 4 - (752 - 720).
-56
What is 41 + -31 + (-13 - -6) + -35?
-32
(-72 - 33) + 9 + 108
12
Calculate 21 + 2 + -40 - (0 - 56).
39
What is 0 - -22 - (-117 - 99 - -355)?
-117
What is -46 - (-18 + 20 + -42)?
-6
What is the value of 6 - (-21 + (13 - (67 - 52)))?
29
Calculate (148 + -134 - (30 - -3)) + 117 + 4.
102
Evaluate -44 - (-2 + (-42 - -24) + -19).
-5
Calculate -7 - (-12 - (-8 + (5 - -6) + -3 + 64)).
69
11 + (-5 - (-7 + 15)) + 40 + 0
38
What is 8 - -38 - 61 - -62?
47
Evaluate (12 + -42 - (14 - -1)) + 15.
-30
What is the value of 1 + 2 - (-1890 + 1938)?
-45
What is the value of (-34 - (-3 + (-1 - (-3 - -2)))) + 883 + -892?
-40
What is the value of -97 - (-147 - (-35 - 13))?
2
Evaluate -22 + -3 + 5 + (-29 - -49) + (4 - 34).
-30
What is 19 - (-38 - (-18 - 12))?
27
-40 + (-256 + 236 - (-6 + -2 - 8))
-44
3 - (-6 - 3) - (-141 - -87)
66
What is -28 + (2 + 71 - (184 + -155))?
16
What is the value of 1 + (-3 - (23 - (-4 - -21 - (-8 - -21))))?
-21
Evaluate -21 - (-171 + 7 + 28 + 35).
80
What is 8 + -4 + -6 + (11 - (14 + -12)) + -71?
-64
Calculate 105 + (-80 - 106) - -113.
32
Calculate (-381 + 381 - (0 - 7)) + 16.
23
What is the value of 26 + 20 + (0 - 1) + 2?
47
(-11 + 21 - -19) + (-32 - -35)
32
What is 12 + 9 + -13 - (-86 + (-7 - 32))?
133
((20 - 60) + 18 - -1) + 1 + 10 + -1
-11
Calculate (-2 - 0 - 0 - (48 - (-46 - -87))) + -45.
-54
What is 2 + 26 + 177 + -223?
-18
What is (17 - -2) + 123 + -46 + -54?
42
What is the value of 3 + (-501 + 537 - (13 + -1)) - (1 + 4)?
22
What is the value of 94 - (-3 - (-114 + 40))?
23
66 - ((118 - -38) + -32)
-58
-38 - (-36 + 10 + -3)
-9
Evaluate -40 + (-2 - -2) + 23 + (-39 - -15).
-41
What is the value of -96 + 2 - (77 + -120)?
-51
Calculate 50 + (-43 - (-45 + 20)) - 33.
-1
-12 + (-25 - (-110 - -107 - (-6 - -2)))
-38
What is -68 - (-13 - ((9 - 3) + -2 + -15)) - -3?
-63
13 + -6 + 17 - -6 - (0 + -10 + 14)
26
What is the value of (-44 - (29 + -14)) + -16 + -6 + 19?
-62
Evaluate (1 - 10) + -62 + 67 + -28.
-32
Calculate 16 + (-2 - 6) + -30 + 19 + -62.
-65
Calculate -5 + (48 - 25 - -6) + 7.
31
What is -84 - -51 - 78 - -62?
-49
-26 + 3 + (-9 - 22) + 14 + 0
-40
Evaluate (-34 - (0 + -61)) + 0 + -90.
-63
What is -43 + 202 + -109 + -63?
-13
(44 - 19) + (-29 - -52)
48
What is (-29 - -48) + 1 + -15 + 5?
10
Calculate 18 - -14 - (13 + -9 + 19 + -40).
49
What is the value of 17 + -33 + 16 + 5 - (-1 + -5)?
11
What is the value of (3 - ((14 - -14) + (-4 - 4))) + -7 - 4?
-28
Evaluate 13 - (2 - -11) - ((8 - 6) + 11).
-13
11058 - 10932 - (-1 - -95)
32
What is the value of 19 + -1 - (-19 + -3 + (60 - 27))?
7
What is the value of -17 + -108 - -96 - -25?
-4
What is the value of -31 + (147 - 45) - 13?
58
Evaluate -45 + 0 - (17 + (1 - (-26 - -41))).
-48
Calculate -14 + 2 + 21 + 4 + 92 + 1.
106
Evaluate -8 + (-7 - -36) - (-15 - 12 - -21).
27
(-25 - -93) + -66 + -19 + -4
-21
What is the value of 423 + -474 + -3 + 3 + -15 + 19?
-47
2 + 0 - (8 - (31 - 29))
-4
What is 1 + 0 + -7 - (1 + 10)?
-17
2 - (-4 - -8 - (11 - (-18 + 21)))
6
What is -1 + -7 + 18 + (-4 - 14) + -2 + 0?
-10
What is (4 - 7) + (62 - 20) - 1?
38
-271 - -267 - (0 - 44)
40
What is the value of -171 - (23 + -31 + 17) - -33?
-147
What is (84 + 0 + -98 - (-12 - 0)) + 1 + -51?
-52
Calculate -1772 + 1836 + (5 - 1 - 37).
31
Calculate 0 + 47 - (9 - (-31 - -22) - 11).
40
Calculate -1501 - -1514 - (1 - -18).
-6
Evaluate 12 - 28 - (25 + -3 + 9).
-47
What is (9 - 3) + (-15 - -27) - (-2 + 22)?
-2
(-6 + 15 - 84) + 10 + 2 + 0
-63
Calculate 9 + -2 + 2 - (23 + (-119 - (30 + -78))).
57
-208 + 196 + (2 - 7) - -51
34
What is the value of 184 - 175 - (-82 + 0 + 16 + -8)?
83
Evaluate (-4750 - -4768) + (-35 - 0).
-17
What is the value of -29 + (0 - 1) - (1677 + -1651)?
-56
Calculate 84 + 61 + -8 + -5.
132
What is -21 + 12 + 2 - ((2 - -4 - -1) + -40)?
26
-74 - (-44 + 24 - 9)
-45
Evaluate (-803 - -724) + 203 + 2.
126
What is 10 - (-16 + -1 + (-61 + 35 - -26))?
27
Evaluate 8 - -37 - (304 + -357).
98
Calculate -42 - ((-17 - -15) + (-8 - -1) - (-77 - -70)).
-40
Calculate 17 - (31 - 0 - 16) - (17 - 91).
76
70 - ((20 - ((21 - 18) + 12)) + 8)
57
What is 51 - (13 - (-45 + 13))?
6
Calculate 40 + 9 + (85 + -97 - (6 + -3 + -1)).
35
19 + 1 + -2 - (-10 - (43 - 35))
36
What is 7 - (2 + -4 - 0) - (13 + (-18 - -12))?
2
Evaluate 6 + (2 - 42) - -79.
45
What is the value of 75 - (25 + (1 - -30))?
19
Calculate -5 - (-5 + -7) - (42 + -41 + 100).
-94
Evaluate (146 - (78 + 24)) + -64.
-20
Evaluate (3 - ((7 - 6) + -9)) + (9 - 19) + 19.
20
149 + 211 + -205 + 1 + 0 + (-9 - -3)
150
(-18 - -1) + 107 + -40 - (-1 + 12)
39
What is 48 - (-18 - -11) - 103?
-48
Calculate (-5 - -11) + (-5 + -5 + 5 - 9) + -8.
-16
What is the value of 4 - (-16 + (67 + 9 - (-26 - -20)))?
-62
Evaluate 28 + (-7 + (5 - 13) + 19 - (-1 - -17)).
16
Calculate (2 - 13) + 11 + -6 + 0 + (145 - 75).
64
Evaluate 112 - (-35 + 24 + (0 - 0 - -8)).
115
What is -25 - (8 + 5 + (-7 - (-8 - -13)) + 2)?
-28
What is the value of (0 - (0 - -5)) + 15 + -34 + 31?
7
What is -6 + -4 + -96 + 99 + -7 + (161 - 7)?
140
What is 9 - 27 - (-5 + -2) - (179 - 115)?
-75
Calculate -97 + -3 + -41 + 8 + 3.
-130
Calculate (-527 - -515) + (0 - -5) + -5.
-12
Evaluate (66 - 2) + (6 - 3) + (4 - (-3 - -17)).
57
(46 - 22 - -15) + (8 + (-2 - -2) - 0)
47
Evaluate -7 + (23 + -44 - 5) + 6.
-27
What is the value of (1521 - 1522 - (-1 - 0 - 1)) + 167 + -48?
120
Evaluate (-2 - 88 - -9) + (-8 + -5 + 21 - -4).
-69
What is the value of (30 - -105) + -38 + -8?
89
What is -44 - (-12 - (130 - 186))?
-88
0 - 1 - (-130 + -112 + 230)
11
Evaluate 5 + (5 - (-2 + (7 - (4 + -4)))) + 16.
21
What is 33 - (-22 - (4 - (-14 - -33)))?
40
Calculate (20 + -11 - ((-6 - 6) + 4) - 5) + -2.
10
Evaluate 123 + -132 - ((-5 - -2) + 1).
-7
Calculate 18 - ((-16 - 1) + 3 - (30 - 57)).
5
Calculate 3 - -3 - -3 - (38 + (-1 - 32)) - 38.
-34
Calculate 16 + -146 - (-87 - -22).
-65
Evaluate (15 - (21 - 50)) + -35.
9
Calculate -4 + 9 + -19 - (-50 - (13 - -18)).
67
Evaluate 11 + 8 + -9 + (184 - 178).
16
What is -13 + (29 - (20 + -15 + 10)) + (-23 - 1)?
-23
3 + -12 + (27 - (-20 + 13))
25
-31 - (-103 + 20 + -50 - -20)
82
(16 + -3 - (-9 + 18 - 9)) + 53
66
What is 37967 + -37976 + (-1 - 26 - (1 - (1 - 2)))?
-38
What is the value of (-1 - 10) + -5 + 41 - -8?
33
164 - 174 - (-77 + 1 + -2 + 0 + -1)
69
60 - (22 + (-23 - (73 - 44)))
90
Evaluate 81 - 122 - (1 + 1 - -12).
-55
What is the value of -5 + 18 - (-18 - -15 - -13 - -36)?
-33
Calculate 26 + (53 - 82) + -43.
-46
What is the value of -6 - -1 - ((9 - (23 - 2 - -2)) + 1)?
8
-47 + -15 + 8 + 1 - -7
-46
What is the value of 162 - -30 - (-487 - -582)?
97
What is -925 + 926 + (2 - -24) + 0?
27
What is the value of -17 + 40 - ((-4 - -24) + 99 + 10)?
-106
What is the value of 115 - -86 - 141 - -29?
89
What is the value of (0 - 0) + 9 + (-70 + -12 + 61 - -17)?
5
What is 7 - (3 + -33) - 6 - -15?
46
-5 + 10 - ((13 - (6 + 6)) + (-77 - -2))
79
What is the value of 434 - 425 - (0 - -51)?
-42
-2 - (3 - 2 - (-122 + 108))
-17
What is the value of 1 + -90 - 2 - (-7 + (-7 - -33))?
-110
Calculate ((19 - 16) + -101 - (0 + -7) - -11) + 4.
-76
What is the value of (-8 - (-12 - -11)) + (-144 - -141)?
-10
97 - (77 + 92 + -27)
-45
What is the value of (1755 - 1765) + (-7 - 0 - -24)?
7
What is the value of 28 + -14 - 1 - 63?
-50
What is (-19 - (-32 + 21) - (2 - 0)) + -61 + 7?
-64
Evaluate (27 + -37 - (1 + -3)) + (13 - -3).
8
What is the value of -5 + -12 + 8 - -20 - 23?
-12
Evaluate (-18 - 0) + -3 + -20 + 101 + 13.
73
Evaluate -22 + -27 + 43 + -4 + 22.
12
Evaluate 10 + 1 + -1 + -3 - (-17 + -7 + 45).
-14
Evaluate 18 + -24 - (0 + -27 + 8 - (5 - -5)).
23
-1 + 1 + (4335 + -4337 - (-1 - (2 - 3)))
-2
What is the value of 0 - (-14 - -23) - (0 - (17 + 10))?
18
2 + (-1 - (6 - 8)) + (113 - 117)
-1
What is the value of (95 - 108) + 25 + (-1 - -